y(p).
2, 7
Let i(c) = -7*c + 7. Let d be i(5). Let w = d + 41. List the prime factors of w.
13
List the prime factors of 0 - ((-120)/14 - 6/14).
3
What are the prime factors of 1036/11 - (4 - 168/44)?
2, 47
Suppose 0 = -3*s + 12. Let l = -3 - -3. Suppose -3*p + 2*w = -l*p - 10, -s*w + 4 = 0. List the prime factors of p.
2
Let f(u) = u - 1. Let l(a) = -3*a + 3. Let b(t) = 2*f(t) + l(t). What are the prime factors of b(-10)?
11
Let x(h) be the second derivative of -1/2*h**3 - 2*h - 3*h**2 + 1/12*h**4 + 0. What are the prime factors of x(6)?
2, 3
Let r = 11 - 5. Suppose y = -3*s + 2*s + r, y + 2 = 0. What are the prime factors of s?
2
Let u = 15 + -13. What are the prime factors of u?
2
Let f = 98 + -59. List the prime factors of f.
3, 13
Suppose -5*f - 2 = -4*f + 2*x, -3*f + 4*x = -24. Suppose 3*j - 30 + 10 = -f*l, -2*j + 2*l = -32. List the prime factors of j.
2, 3
Let n(u) = -u**3 + 2*u**3 + 11*u + 62*u**2 - 54*u**2. List the prime factors of n(-6).
2, 3
Let q(u) = u**3 + 6*u**2 + 6*u + 7. Let f be q(-5). Let r be f/(((-6)/5)/(-3)). Suppose -2*m + r = 1. What are the prime factors of m?
2
Let z(g) = g**2 + 2*g + 5. List the prime factors of z(-8).
53
Let z = 11 + -8. Suppose 4*o - o + 13 = 5*s, s - 5 = z*o. List the prime factors of (1/o)/(3/(-15)).
5
Suppose -3*w - w = 4*v, 16 = -5*v - w. Let d = v - -4. Suppose -k + 8 + 5 = d. List the prime factors of k.
13
Let i(n) = 8*n - 20. Let y(m) = 3*m - 7. Let s be 2 - (2 + -2 + 7). Let x(k) = s*i(k) + 14*y(k). List the prime factors of x(3).
2
Suppose 0*g - 16 = -4*g. Let d(y) be the second derivative of y**5/20 - y**4/4 - y**3/6 + y**2 + 4*y. List the prime factors of d(g).
2, 7
Suppose 20 + 65 = y. List the prime factors of y.
5, 17
Let s be 1 - (-35)/1 - -2. Suppose s = -5*w - 42. Let o = 28 + w. What are the prime factors of o?
2, 3
Let f = -1 + 5. Let x(l) = -3*l**3 + 12*l**2 + 13*l - 10. Let b(h) = -h**3 + 4*h**2 + 4*h - 3. Let k(o) = 7*b(o) - 2*x(o). What are the prime factors of k(f)?
7
Let i(r) = 2*r - 3*r**2 + 16 + 2*r**2 + 0*r**2 - 17*r. List the prime factors of i(-14).
2, 3, 5
Suppose b + 0*x + 7 = 2*x, 0 = -b - x + 2. Let f be ((b - -1) + 0)/(-3). Suppose 3*t + 3*h = 51, -5*t + h + 47 + 56 = f. What are the prime factors of t?
2, 5
Suppose -2*d - 2*f = -104, 0*d + 2*f = -3*d + 151. List the prime factors of d.
47
Let g(y) = -99*y + 4. Let m be g(6). Let d be m/7 - 4/(-14). What are the prime factors of d/(-10) - (-4)/(-10)?
2
Let h(o) = 15*o - 3. What are the prime factors of h(2)?
3
Let f be 86/18 - (-28)/126. Suppose 5*c - f*m = 175, -m = 5*c + m - 140. List the prime factors of c.
2, 3, 5
Suppose 5*h - 2*h = 78. Let s = 47 - h. List the prime factors of s.
3, 7
Suppose -2*i + 20 = -72. Suppose 8*h - i = 202. What are the prime factors of h?
31
Suppose u = 4, -6*u + 23 = -j - 2*u. What are the prime factors of 34/(-4)*(-9 - j)?
17
Let a be 4/(-18) - 10/(-45). Suppose g + 3 = -a*g. Let c = 12 + g. What are the prime factors of c?
3
Suppose p - 5 = 11. Let i(y) = y + 4. What are the prime factors of i(p)?
2, 5
Suppose -5*k = 4*g - 56, -4*g + 4*k + 29 + 63 = 0. Suppose -g = w + 5*u - 4*u, -w - 11 = -3*u. Let a = w - -28. What are the prime factors of a?
11
List the prime factors of 352/(-8)*7/(-4).
7, 11
Let h = -7 + 4. List the prime factors of 14 + h/6*-2.
3, 5
Suppose 5*h = u - 3*u + 6, -4*h = 0. What are the prime factors of ((-3)/2)/(u/(-32))?
2
Let l = 4 + -2. Suppose l*d = -3*d + 10. Suppose 5*n = -4*w + 40, -2*w = -0*n - d*n - 2. What are the prime factors of n?
2
Let l(t) be the third derivative of -t**4/12 + t**3/6 + t**2. Let u be ((-9)/12)/(7/56). List the prime factors of l(u).
13
Let h(x) be the second derivative of x**3/6 + x**2/2 + 12*x. Suppose 9 = 2*r - 3. What are the prime factors of h(r)?
7
Suppose 0 = 3*i - 2*b - 212, 0*b + 1 = -b. Suppose 6*t - i = t. What are the prime factors of t?
2, 7
Let i = 16 + 10. Let u be 2/1 - (-38)/(-2). Let k = u + i. List the prime factors of k.
3
Let o(g) = -g**2 + 5*g - 1. Let y be o(4). Suppose -2*p = y - 23. What are the prime factors of p?
2, 5
Let z be (-2)/7 + (-23)/(-7). Suppose -j = -z*j - 2*b + 8, 0 = 3*j + b - 8. Suppose d - 2*g = j*g + 9, -d + 3*g + 9 = 0. What are the prime factors of d?
3
What are the prime factors of 52/(-6)*36/(-24)?
13
Suppose 2*v = -5*b + 28, 0*b - 5*v + 19 = 4*b. Let j(m) = m**3 - 6*m**2 + 2*m + 4. List the prime factors of j(b).
2
Let q = 8 - -18. What are the prime factors of q?
2, 13
Let m(c) = 7*c**2 + c + 2. Let q be m(2). Let b be (-3)/(-2)*q/(-12). What are the prime factors of 1/b - (-51)/12?
2
Let t(x) = 0 + 4*x - 10*x - 2*x - 4 - x**2. Let y be t(-3). Suppose 27 = 5*h + 2*i, -3*h = 2*i - y - 2. What are the prime factors of h?
7
Let t(x) = -x**2 - 2*x + 3. Let p be t(3). List the prime factors of 0 + (-3)/(-3) - p.
13
What are the prime factors of 1848/18 + (2/3)/(-1)?
2, 3, 17
Let v = 8 - 17. Let z = -6 - v. What are the prime factors of (-4)/(z*(-4)/18)?
2, 3
Suppose -g = -4*q - 63, -q - 264 = -4*g + 3*q. List the prime factors of g.
67
Let p = -8 - -29. What are the prime factors of p - (-2)/(1 + 0)?
23
Suppose 0*w + 3*w - 159 = 0. What are the prime factors of w?
53
Let h be ((-10)/(-4))/(1/2). Suppose -5*w + 98 = 4*k, -3*k - 120 = -8*k - h*w. What are the prime factors of k?
2, 11
Suppose -5*p + 45 = -0*k - 4*k, -5*p + 5*k + 50 = 0. Suppose -4*v - 4*y - p = -1, 0 = 2*y - 2. Let w = 1 - v. List the prime factors of w.
3
Let r be (3/(-3) - 1)*-1. Suppose 1 + 9 = r*k. Suppose -k*z + 63 = 3. List the prime factors of z.
2, 3
Let x = 87 + -25. What are the prime factors of x?
2, 31
Let u(c) = 13*c + 13. List the prime factors of u(7).
2, 13
List the prime factors of (29 - 5)/(3 + -2).
2, 3
Let c = -2852 + 4336. What are the prime factors of (3/12)/(7/c)?
53
Let l be (-2 + 0)*1*-1. Let b = l + -1. Let v = b - -11. List the prime factors of v.
2, 3
Suppose 120 = -j + 3*j. Suppose -2*b - 3*b = -j. List the prime factors of b.
2, 3
Suppose 5*w - 2*h - 20 = -0*h, 0 = -2*h - 10. List the prime factors of (-4 - w)/(1 + -3).
3
Suppose -4*u + 41 = -3*u - 3*s, -5*u - 4*s + 243 = 0. List the prime factors of u.
47
Let l(k) = k**3 + 7*k**2 + 2*k. What are the prime factors of l(-3)?
2, 3, 5
Let j be (20/(-16))/((-2)/(-8)). Let u(i) = -4*i - 4. List the prime factors of u(j).
2
What are the prime factors of 46/3*(-3)/(-2)?
23
Let k(o) = o**2 + 3*o - 2. What are the prime factors of k(-11)?
2, 43
Suppose 100 = 4*a - 28. Suppose 7 = 5*r - 13, -4*u = 2*r - a. List the prime factors of u.
2, 3
Suppose 20 = -6*q + 11*q. Let w(m) = m**3 - 3*m**2 + 3*m + 2. List the prime factors of w(q).
2, 3, 5
Suppose s + 8 = -q - q, 0 = -4*s - 8. Let k be (12/8)/(q/(-4)). Let c = k - -1. List the prime factors of c.
3
Let n = -13 - 2. Let s be 6/(n/(-6) - 1). Suppose 19 = -s*r + 5*l + 7, 4*l = r + 14. List the prime factors of r.
2
Suppose -12*r + 7*r = -35. What are the prime factors of r?
7
Let r(j) = -j**2 + 1. Let h(x) = -3*x**2 + 6*x - 1. Let d(l) = h(l) - 2*r(l). Let s = -1 + 3. What are the prime factors of d(s)?
5
Let g(t) = t**3 + t + 11. Let b be g(0). Let d be (0 - 2)*(1 + -2). Let q = b - d. List the prime factors of q.
3
Suppose 5*y = 3*h + 65, -3*y = y + 4*h - 84. Suppose -4*k + y = -64. What are the prime factors of k?
2, 5
Suppose -3*h + 2 = 2*z, -4*h + 4*z - 15 - 9 = 0. Let j(d) = d**2 + 16*d + 1. Let x be j(-11). List the prime factors of h/(-4)*x/(-3).
3
Suppose t - 41 = -3. Suppose t - 14 = 2*u. Suppose 5*q + 4*g - u - 10 = 0, -q + 2*g = -10. What are the prime factors of q?
2, 3
Suppose 2*f - 4*w - 10 = 0, 3*f + 0*f + w = 8. Let c(a) = -a**3 + 3*a**2 + 2*a + 4. List the prime factors of c(f).
2, 5
Let s(w) = w - 1. Let p be s(0). Let f = -7 + p. Let v = f - -14. What are the prime factors of v?
2, 3
Suppose 0 = -3*z - 3*p + 1041, 2*z - 4*p - 563 = 155. List the prime factors of z.
3, 13
Let j(z) = -z + 22. Let k be j(0). Let y = k + -15. What are the prime factors of y?
7
Suppose -35 = -4*b + m, 5*b - 52 = 6*m - 2*m. Suppose 0 = 4*f - 68 - b. List the prime factors of f.
19
Let s = 18 - 9. What are the prime factors of s?
3
Let k(n) = -3*n**3 - 4*n**2 - n - 5. Let z(v) = -v**3 + v**2 + v + 1. Let u = 3 + -2. Let t(w) = u*k(w) - 2*z(w). What are the prime factors of t(-6)?
11
Let m = 2 - -2. Supp